 divisor of 104 and 221?
13
Calculate the highest common factor of 17 and 51.
17
What is the highest common factor of 40 and 11500?
20
Calculate the highest common factor of 3 and 1.
1
What is the highest common factor of 19 and 2641?
19
Calculate the greatest common factor of 130 and 2015.
65
What is the greatest common divisor of 231 and 609?
21
What is the greatest common divisor of 42 and 5754?
42
What is the highest common divisor of 888 and 18?
6
What is the greatest common factor of 15 and 75?
15
Calculate the greatest common factor of 1524 and 24.
12
What is the greatest common divisor of 245 and 560?
35
Calculate the greatest common divisor of 70 and 406.
14
What is the highest common factor of 13 and 1664?
13
Calculate the greatest common divisor of 3774 and 6.
6
What is the highest common divisor of 1071 and 459?
153
What is the greatest common factor of 54 and 1728?
54
What is the highest common divisor of 7 and 4809?
7
Calculate the greatest common factor of 1068 and 6.
6
Calculate the highest common divisor of 20928 and 128.
64
Calculate the highest common factor of 48 and 408.
24
What is the greatest common factor of 17 and 34?
17
What is the greatest common factor of 183 and 6?
3
Calculate the greatest common divisor of 1 and 2273.
1
What is the highest common factor of 176 and 1100?
44
Calculate the highest common divisor of 3201 and 66.
33
What is the greatest common factor of 1250 and 200?
50
Calculate the highest common divisor of 177 and 4484.
59
What is the highest common divisor of 11 and 4279?
11
Calculate the highest common divisor of 7800 and 48.
24
Calculate the greatest common factor of 826 and 56.
14
What is the greatest common divisor of 1925 and 70?
35
Calculate the highest common factor of 24 and 540.
12
What is the highest common divisor of 245 and 42?
7
Calculate the greatest common factor of 3 and 1527.
3
What is the greatest common factor of 36 and 1152?
36
Calculate the highest common factor of 209 and 55.
11
What is the greatest common divisor of 273 and 357?
21
Calculate the highest common divisor of 11700 and 144.
36
Calculate the greatest common factor of 339 and 3.
3
What is the highest common divisor of 1064 and 57?
19
What is the highest common factor of 2 and 12718?
2
Calculate the greatest common factor of 123 and 328.
41
What is the highest common factor of 332 and 1162?
166
Calculate the greatest common divisor of 3564 and 2106.
162
What is the greatest common factor of 14 and 4?
2
Calculate the highest common factor of 648 and 126.
18
Calculate the greatest common factor of 51 and 2907.
51
Calculate the highest common factor of 4 and 388.
4
What is the greatest common divisor of 55 and 3795?
55
Calculate the highest common factor of 187 and 2584.
17
What is the greatest common factor of 1044 and 56?
4
Calculate the highest common factor of 36 and 24.
12
Calculate the highest common divisor of 36 and 24.
12
Calculate the highest common divisor of 1798 and 29.
29
Calculate the highest common factor of 84 and 56.
28
What is the highest common factor of 7602 and 672?
42
What is the highest common factor of 24 and 852?
12
What is the greatest common divisor of 37000 and 80?
40
What is the greatest common factor of 94 and 611?
47
What is the greatest common divisor of 6556 and 8?
4
What is the highest common divisor of 184 and 23?
23
Calculate the highest common factor of 50 and 1700.
50
What is the greatest common factor of 732 and 24?
12
Calculate the highest common divisor of 675 and 350.
25
What is the greatest common factor of 1666 and 918?
34
What is the greatest common factor of 280 and 80?
40
What is the greatest common factor of 2490 and 190?
10
Calculate the greatest common factor of 13 and 1079.
13
What is the greatest common divisor of 72 and 4008?
24
What is the highest common divisor of 26 and 416?
26
What is the greatest common factor of 3377 and 11?
11
What is the highest common factor of 1510 and 10?
10
Calculate the highest common factor of 160 and 50.
10
Calculate the greatest common factor of 159 and 303.
3
What is the highest common factor of 54 and 822?
6
What is the greatest common factor of 261 and 232?
29
Calculate the highest common factor of 39090 and 15.
15
What is the highest common divisor of 712 and 8?
8
What is the greatest common factor of 2632 and 392?
56
Calculate the greatest common factor of 32 and 5024.
32
What is the greatest common divisor of 112 and 5936?
112
Calculate the highest common divisor of 17752 and 112.
56
What is the greatest common divisor of 55 and 22?
11
Calculate the greatest common factor of 4 and 32.
4
Calculate the greatest common divisor of 12 and 1164.
12
Calculate the highest common factor of 15 and 695.
5
What is the greatest common divisor of 50 and 160?
10
Calculate the greatest common divisor of 116 and 4118.
58
What is the highest common factor of 1290 and 30?
30
What is the highest common factor of 189 and 2331?
63
Calculate the highest common divisor of 20 and 1220.
20
Calculate the highest common divisor of 256 and 208.
16
Calculate the greatest common divisor of 77 and 651.
7
What is the greatest common divisor of 147 and 3?
3
Calculate the greatest common divisor of 60 and 740.
20
What is the greatest common divisor of 286 and 468?
26
What is the greatest common divisor of 126 and 28?
14
Calculate the greatest common factor of 87 and 7047.
87
What is the greatest common factor of 85 and 323?
17
What is the highest common divisor of 24680 and 280?
40
Calculate the highest common factor of 24 and 7554.
6
What is the highest common factor of 1715 and 315?
35
Calculate the greatest common divisor of 70 and 1022.
14
What is the highest common divisor of 358 and 10?
2
What is the highest common divisor of 24 and 256?
8
Calculate the highest common divisor of 7 and 112.
7
What is the greatest common divisor of 2760 and 90?
30
Calculate the highest common factor of 49 and 196.
49
What is the highest common divisor of 60 and 135?
15
What is the highest common factor of 12 and 3804?
12
Calculate the greatest common factor of 459 and 561.
51
What is the highest common divisor of 360 and 330?
30
Calculate the greatest common factor of 300 and 60.
60
What is the highest common divisor of 3012 and 8?
4
Calculate the highest common divisor of 319 and 116.
29
Calculate the greatest common divisor of 30 and 7120.
10
Calculate the highest common factor of 6 and 9294.
6
Calculate the greatest common divisor of 18038 and 58.
58
Calculate the greatest common factor of 3047 and 831.
277
Calculate the highest common factor of 27 and 1653.
3
What is the highest common factor of 180 and 99?
9
What is the greatest common divisor of 728 and 280?
56
What is the highest common divisor of 15 and 885?
15
What is the greatest common factor of 116 and 203?
29
Calculate the greatest common divisor of 132 and 876.
12
What is the highest common divisor of 175 and 7?
7
What is the highest common factor of 12 and 1884?
12
What is the greatest common factor of 299 and 26?
13
Calculate the greatest common factor of 247 and 78.
13
Calculate the greatest common divisor of 74 and 4.
2
What is the highest common divisor of 42 and 3066?
42
What is the greatest common factor of 20 and 100?
20
Calculate the highest common divisor of 220 and 148.
4
Calculate the highest common divisor of 1275 and 34.
17
Calculate the greatest common divisor of 20 and 270.
10
What is the highest common factor of 58513 and 91?
91
Calculate the highest common divisor of 5453 and 931.
133
Calculate the greatest common divisor of 15 and 3.
3
Calculate the highest common factor of 30 and 110.
10
What is the greatest common divisor of 1189 and 609?
29
What is the greatest common divisor of 460 and 1020?
20
Calculate the greatest common factor of 763 and 14.
7
What is the highest common factor of 39 and 26?
13
What is the highest common factor of 35 and 145?
5
What is the highest common divisor of 1272 and 168?
24
Calculate the highest common factor of 636 and 36.
12
What is the greatest common factor of 832 and 8?
8
Calculate the greatest common factor of 164 and 287.
41
Calculate the highest common factor of 30 and 3210.
30
Calculate the greatest common factor of 703 and 304.
19
What is the high